33 + g. What are the prime factors of n?
3, 7
Suppose 2*f = 5*v + 11, 4*v - v - 12 = -5*f. Suppose 3*z + 2*z - 237 = -4*q, z + f*q = 43. List the prime factors of z.
7
Let c(t) = t**2 - t - 6. Let l(x) = -2*x**2 + 4*x + 6. Let a be l(4). List the prime factors of c(a).
2, 13
Let u(a) = a**2 - 20*a - 33. Let z be u(22). List the prime factors of (-9)/(-1)*(-4 + z) + 2.
5, 13
Let b be (0/(-1 + 2))/3. Suppose 2*x = -b*x. Suppose x = i - 19 - 17. List the prime factors of i.
2, 3
Suppose g = -2*m + 9, 5*m - g = -4 + 23. What are the prime factors of (-2)/m + (-4)/((-56)/2569)?
3, 61
Suppose 0 = 3*m - 2*i - 31, 0 = 3*m - 4*i - 20 - 15. What are the prime factors of (m/((-36)/(-736)))/2?
2, 23
Suppose 34*v = -7*v + 15416. List the prime factors of v.
2, 47
Let z(k) = -138*k**3 + 4*k + 2. What are the prime factors of z(-2)?
2, 3, 61
What are the prime factors of (2 - (-698)/3) + 48/(-72)?
2, 3, 13
Let q = 278 + -188. Suppose 3*i = q + 42. What are the prime factors of i?
2, 11
Let p = 0 + 2. Let r be 9/(-6) + 11/p. Suppose -2*h + 14 = r*q - 36, 0 = 4*h - 4. List the prime factors of q.
2, 3
Suppose w - 2*t = 140, -7*w + 10*w = 3*t + 414. Suppose 4*q - 218 = -3*m, w = 3*m - m - 2*q. List the prime factors of m.
2, 5, 7
Let a(o) = -o + 3. Let d be a(-1). Let u(r) = -2 + 6*r - d*r - 3 - 3. List the prime factors of u(9).
2, 5
Let f(s) be the first derivative of s**4/4 + 14*s**3/3 + 5*s**2 + 11*s + 553. Suppose -2*h = -h + 13. List the prime factors of f(h).
2, 5
Suppose i - 2*i = 0, 5*i = -4*z + 4592. What are the prime factors of z?
2, 7, 41
Suppose 3*u = 9*u + 24. Let v(n) = 12*n**2 - 9*n - 16. List the prime factors of v(u).
2, 53
Suppose -10*q = -7*q. Suppose 2*f + 0*f - 40 = q. List the prime factors of f.
2, 5
What are the prime factors of -7 + -4 + 1 + 388?
2, 3, 7
Let t(q) = -q**2 + 2. Let c be t(0). Let k = -105 - -157. Suppose c*a + 8 = k. What are the prime factors of a?
2, 11
Let v = 7 - 10. Let l(t) = -23*t - 1 + 16*t + 0 + t**2 - 2. List the prime factors of l(v).
3
Suppose -3 - 1 = -y. What are the prime factors of y/(-26) + 5796/156?
37
Let k(t) = t**2 + 5*t + 3. Let q be k(-3). Let d be (-24)/(-4)*(-2)/q. Suppose d*g = 3*g + 11. What are the prime factors of g?
11
Suppose 2*w + 3*y = 2425, 6*w - 5*w = -4*y + 1200. List the prime factors of w.
2, 5, 61
Suppose -2*y + 4*n + 228 = 0, 5*n = -9*y + 4*y + 600. Let h = y - 51. List the prime factors of h.
67
Let s(u) = u**2 + 3*u + 11. Let v be s(-4). Suppose 0 = -3*r - v, 0 = -q - 3*q + r + 13. List the prime factors of -1 - (q + -22 + 2).
17
Let t(a) = -5*a**2 + 2*a**2 - 2 - 5*a**2 + 5*a**2 - a**3 + 5*a. List the prime factors of t(-6).
2, 19
Let g(p) be the second derivative of p**4/12 - 5*p**3/3 + 3*p**2 - 6*p. Let d be g(6). Let r = 22 + d. List the prime factors of r.
2
Let a be 1/3 + 215/(-15). Let y = a - -17. Let l(z) = z**2 - 2*z + 3. What are the prime factors of l(y)?
2, 3
Suppose -f + 5 + 25 = 0. Suppose -6*o + f = -3*o. Let t = o - -6. List the prime factors of t.
2
Let f(k) = 2*k - 11. Let c be f(7). Suppose 0 = -c*l + 73 + 122. List the prime factors of l.
5, 13
What are the prime factors of (-7 + 6)/(3/(-1950)*2)?
5, 13
Let q = -52 - -24. Let u(l) = -l**2 + 2*l + 9. Let f be u(-7). Let g = q - f. What are the prime factors of g?
2, 13
Let b be -22 - 1*(-2)/2. Let n = b - -28. List the prime factors of n.
7
Suppose 12*m - 19069 + 5809 = 0. What are the prime factors of m?
5, 13, 17
Let r = 263 + -153. Let f = r + -55. What are the prime factors of f?
5, 11
Suppose 453 = 3*h + 3*t, 3*h + 4*t - 351 = 104. Suppose -359 - h = -4*m. Suppose 4*f = 5*i + m, -4*i + 2 = -2*i. List the prime factors of f.
3, 11
Suppose -4*i + i + 3 = 0, -2*q = 2*i - 22. Let m(w) = 18*w + 7. List the prime factors of m(q).
11, 17
Let i(l) = 0*l**3 + 20 + 16*l**2 - 3 + l + 7*l - l**3. List the prime factors of i(16).
5, 29
Let i = 74 - 18. Suppose -b = 3*b + 2*u - i, -5*u = -2*b + 40. List the prime factors of b.
3, 5
Let d = 76 + 65. What are the prime factors of d?
3, 47
Suppose -h = 2*h - 5*g - 2555, -g = 5*h - 4221. What are the prime factors of h?
5, 13
Suppose 2*l - 1800 = -4*o, -5*o - 2*l - 641 + 2892 = 0. What are the prime factors of o?
11, 41
Let a be (-590)/7 + 3 - (-6)/21. Let x = 287 + a. What are the prime factors of x?
2, 103
Let f = 7 - 4. Let b(j) = j**2 - 9*j - 88. Let u be b(-6). Suppose 5*x = v + 158, -u*v + f*v = -4*x + 130. What are the prime factors of x?
2
Let y = -20 - -33. Suppose -i - 1 = 5*f + y, 2*i + 8 = -5*f. List the prime factors of i.
2, 3
Let j(h) = 3*h**2 - 9*h - 10. Let s be (-154)/33 + (-1 - 4/(-6)). What are the prime factors of j(s)?
2, 5, 11
Let d = -50 + 49. List the prime factors of (12 + -13)/(d*(-1)/(-39)).
3, 13
Let z = 109 - 77. Let h = -18 + z. Suppose -432 = 6*k - h*k. List the prime factors of k.
2, 3
Suppose -2*r - 2*t - 1 - 3 = 0, -2*r - 6 = 4*t. What are the prime factors of (r - -3 - 90)*-1?
2, 11
Let d(a) = 48*a**2 - a - 54. List the prime factors of d(5).
7, 163
Let u(j) = -j**3 - 8*j**2 - 2*j - 14. Let h be u(-8). What are the prime factors of (-52)/117*3/h*-183?
2, 61
Let u(i) = 2*i**2 - 28*i + 273. What are the prime factors of u(28)?
7, 151
Let l be 15/(-45) - (-76)/(-6). Let x = 72 + l. What are the prime factors of x?
59
Let w(i) = 5*i**2 + 8*i - 3. Let p(y) = -9*y**2 - 16*y + 5. Let d(j) = 6*p(j) + 11*w(j). Let q be d(7). List the prime factors of (36/(-15))/(3/q).
2
Let x = 14 - 12. Suppose -5*b + x*v = -8 - 5, 2*v = b - 1. List the prime factors of 368/(-24)*b/(-2).
23
Let h = 117 - 118. List the prime factors of 180/(4*h/(-4)).
2, 3, 5
Let g = -13 + 16. Suppose g*l - 2*l = -v + 15, -5*v = -25. Suppose l*f = 5*f + 90. List the prime factors of f.
2, 3
Let t = 729 + 2315. List the prime factors of t.
2, 761
Let a(f) = 6*f**2 + 84*f - 127. What are the prime factors of a(20)?
59, 67
Suppose v - 5*a = 22, -7 = -v + a + 15. List the prime factors of v.
2, 11
Let d(a) = 19*a + 25 + 3*a + 96*a**2 - 118*a**2 + a**3. List the prime factors of d(21).
2, 23
Suppose 17 = x + 15. Suppose 3*m = -3*w - 9, x*w = -5*m - 0*m. What are the prime factors of m?
2
Let q be (-8)/40 + (-256)/(-5). Suppose -15 = 4*a - q. What are the prime factors of 6/a - 152/(-6)?
2, 13
Let m(l) be the first derivative of l**2 - 5*l + 6. Suppose -o + 4*r = 5, 12 + 26 = 5*o + r. What are the prime factors of m(o)?
3
Let o(j) = -8*j**2 + 4*j + 3. Let q be o(-6). Let a = 435 + q. List the prime factors of a.
2, 3, 7
Let r(w) = w**2 + 2*w - 3. Let x(l) = l**3 + 3*l**2 - 6*l - 5. Let v be x(-4). Suppose 2 = -v*g - 10. List the prime factors of r(g).
5
Suppose -2*q - 1352 = -4*v, 339 = v + q - 2*q. Let l = -225 + v. What are the prime factors of l?
2, 7
Let i(t) = 2*t**3 - 13*t**2 + 11*t + 5. Let w be i(5). Let d(q) = -q + 53. List the prime factors of d(w).
2, 17
Let i(j) be the second derivative of -41*j**8/6720 + j**7/2520 - 7*j**4/12 - j. Let a(n) be the third derivative of i(n). What are the prime factors of a(-1)?
2, 3, 7
Suppose 6*f + f = 0. Let y(m) = -m**3 - m + 120. Let d be y(f). List the prime factors of (-158)/(-12) - 20/d.
13
Let l(q) be the third derivative of q**6/120 + q**5/6 + q**4/12 - 24*q**2. List the prime factors of l(-7).
7, 19
Let c(d) = 14*d**3 + 5*d**2 - 14*d + 1. List the prime factors of c(4).
3, 307
Let u = 2959 + -1885. List the prime factors of u.
2, 3, 179
List the prime factors of (-20195)/14*(-6)/15.
577
Let f = 3 + 1. Suppose -q + f*q = 0. Suppose -3 = -3*a - q*a, -4*h + 101 = 5*a. What are the prime factors of h?
2, 3
Let g = -23 + 28. List the prime factors of (7/g + -1)*30.
2, 3
Suppose 0 = 9*f - 13*f - 4*a + 5376, 3*f - 3*a = 4008. What are the prime factors of f?
2, 5, 67
Let j(s) = 194*s + 32. What are the prime factors of j(2)?
2, 3, 5, 7
Suppose 10*x = 6*x + 104. Let w = -26 + x. Suppose 33*o - 29*o - 92 = w. List the prime factors of o.
23
Let c be (-1 + (-3 - -5))*1. Let w be c/((4/(-155))/(-4)). Suppose 4*d - 13 = w. What are the prime factors of d?
2, 3, 7
Let q(v) = -v**2 - 3*v + 6. Let k be q(3). Let s = 25 + k. Suppose 2*n = 5 + s. List the prime factors of n.
3
What are the prime factors of 586740/120*(-8)/(-14)?
2, 11, 127
Let b(h) = 22*h**2 - h - 56. What are the prime factors of b(-6)?
2, 7, 53
Suppose -2*j + 62 - 22 = 0. Let 